5*c - q = -13. What is the units digit of (9/(-2))/(c/(-16))?
2
Suppose 0 = -q + 2*q - 5*f + 19, -4*q - 12 = -4*f. Let n = 6 + q. What is the units digit of n?
7
Let x = -6 - 6. Let c = 8 + x. Let h = c - -7. What is the units digit of h?
3
Let h(y) = y**2 + 7*y + 1. Let b be (-10 - -4)/(2/3). What is the units digit of h(b)?
9
Suppose 4*c - 26 + 6 = 0, 2*l - 71 = -c. What is the tens digit of l?
3
Suppose -3*g + 2*p = -12, -5*g + 2*p + 23 = 7. Suppose -u = g*u - 9. What is the units digit of (u/2)/((-1)/(-4))?
6
Let k(i) = i**3 - 3*i**2 + i + 3. Let c be k(3). Suppose -4*v - 32 = 4*w, -5*w + 4*v = c - 2. Let y = w - -9. What is the units digit of y?
5
Suppose 5*y = 4*y + 12. What is the tens digit of y?
1
Let g(a) be the third derivative of a**6/120 - a**5/60 + a**4/8 - a**3/2 + 2*a**2. What is the units digit of g(2)?
7
Let l be (-135)/(-2) - (-3)/(-6). Let n = l - 43. What is the units digit of n?
4
Let m(l) = l**2 + 13*l + 5. What is the units digit of m(-13)?
5
Suppose 5*c - 7 = -2, -3*v = -c - 5. Suppose v*d - 33 = -d. Suppose -5*g + 39 = 3*h, -h - g + d = -0*g. What is the units digit of h?
8
Suppose -4 = -5*s + 6. Suppose -11 = s*q - 33. What is the tens digit of q?
1
Let v be 5/(-20) + (-14)/8. What is the units digit of 2/4*v + 28?
7
Let n = -35 + 67. What is the tens digit of n?
3
Suppose 0 = -10*c + 1016 - 166. What is the units digit of c?
5
Let b = 63 - 36. Let l = -18 + b. What is the units digit of l?
9
Let j(l) = 15*l**2 + 9*l - 6. Let m(r) = -7*r**2 - 4*r + 3. Let z(n) = -6*j(n) - 13*m(n). Let f = -6 - -10. What is the units digit of z(f)?
5
Let w(u) = 3*u + 10. Let a be w(-7). Let f = 30 + a. What is the tens digit of f?
1
What is the units digit of (-32)/(-112) - ((-131)/7)/1?
9
Suppose 0*l + 2*l = 5*r - 39, -l - 16 = -2*r. What is the units digit of r?
7
Suppose 0 = 5*r - 5*o - 30, 20 = 4*r - 3*o - 7. What is the tens digit of (-3)/(r/96*-2)?
1
Let r be -3 - (10 - 3)/(-1). Suppose -4*u = -0*u + r*h - 72, 0 = -u + 5*h. What is the tens digit of u?
1
Suppose 16 = 2*j - 4*t, -4*j - 3*t - 9 + 52 = 0. Suppose j = 5*b - 0. Suppose 3*w = -5*u - b*w + 35, 3*u = 2*w + 6. What is the units digit of u?
4
Let b(w) = -21*w**2 - 31*w + 15. Let u(m) = -4*m**2 - 6*m + 3. Let c(o) = 2*b(o) - 11*u(o). Let x be 1 + (-3)/3 + -4. What is the units digit of c(x)?
3
What is the units digit of (14/21)/(2/162)?
4
Suppose 0 = 3*t - 2*t. Suppose t*r = r. Let n(y) = -y**3 - y**2 + 4. What is the units digit of n(r)?
4
Let x(c) = 5*c - 3*c**2 + 5*c**2 + 6 - 3*c**2. Let a be x(5). Let p(o) = o - 1. What is the units digit of p(a)?
5
Suppose -5*b = 2*k - 7*k - 95, 34 = b + 4*k. Suppose -a - a = -b. What is the units digit of a?
1
Suppose -g - 4*p + 31 = 0, 2*g = g + 4*p - 1. What is the tens digit of g?
1
Let u = 177 + -27. What is the tens digit of u?
5
Let r = 119 + -50. What is the tens digit of r?
6
Let g = -78 + 103. What is the units digit of g?
5
Let g(l) = 95*l**3 + l**2 - 2*l + 1. Let z be g(1). Suppose 4*k - z - 45 = 0. What is the units digit of k?
5
Let u = 158 - 85. What is the units digit of u?
3
Let l be 8/(2 - (-1 - -1)). Suppose 2*i = -q + i + 9, 0 = 2*q - l*i - 36. What is the units digit of q?
2
Suppose 3*i = 2*i. Suppose -4*w + a + 75 = -i*a, 0 = 4*w + 3*a - 79. What is the units digit of w?
9
Let s(c) = -2*c + 5 - 3 - 1 + 3 - 3*c**2 - c**3. Let k(m) = -m**3 - 3*m**2 + 4*m - 3. Let d be k(-4). What is the tens digit of s(d)?
1
Suppose -10*z + 98 = -32. What is the tens digit of z?
1
Suppose 2*d - 12 = -0*d. Let w = -3 + d. What is the units digit of w?
3
Let b = 53 + -17. Suppose -28 = 2*t + 2*x, -3*t - 50 = x - 2. Let k = t + b. What is the units digit of k?
9
Let n = 2 - -3. What is the tens digit of (-3)/n - 213/(-5)?
4
Let g(b) = b**3 - 4*b**2 - 5*b. Let z be g(5). Suppose z = 5*p - 14 - 21. What is the units digit of p?
7
Suppose 0 = 6*l - 4*l - 72. Let b(o) = 2*o**3 - 3*o**2 + o - 1. Let a be b(2). Suppose -l = -a*z - 2*q, q = -3*z + 6*q + 34. What is the units digit of z?
8
Suppose 5*s + 15 = 0, -48 - 90 = -3*j + 2*s. What is the units digit of j?
4
Suppose -2*d = 4*m - 9 - 209, d = -4*m + 223. Suppose 5*j - m = 23. What is the tens digit of j?
1
Let t(n) = -n**3 - 3*n**2 + 2*n - 1. What is the units digit of t(-6)?
5
What is the tens digit of 3/(-2 - (-27)/13)?
3
What is the units digit of (0 - -67) + 4 + 2 + -5?
8
Suppose -2*d - 2*d = 0. Let t(b) = -3 + d*b + 4*b - 3*b. What is the units digit of t(6)?
3
Let z = 262 + -129. What is the units digit of z?
3
Suppose -5*z = -2*o + 3, -z + 4 = -3*o - 2*z. Let g(f) = 4*f + f - 3*f + 6*f**2 + 1. What is the units digit of g(o)?
5
Suppose 5*b - 104 = b. Let l = b - 12. What is the tens digit of l?
1
Let y = 53 + -47. What is the units digit of y?
6
Suppose 2*u = 14 + 2. Let r = 18 - u. What is the units digit of r?
0
Let q(y) = -y**3 + y**2. Let m(k) = -6*k**3 + 5*k**2 + k + 1. Let s(r) = -m(r) + 4*q(r). What is the units digit of s(2)?
9
Let p = 11 + 11. What is the tens digit of p?
2
What is the units digit of (-12)/(-16) + (-26)/(-8)?
4
Let b(w) = -2*w**3 + 2*w**2 + w. Let k be b(-1). Suppose 3 = k*z - 3. What is the units digit of z?
2
Let b = 4 - 9. Let d be 17/5 - (-2)/b. Suppose -d*t - 7 = 4*a, 3*a - 7 = -5*t + a. What is the units digit of t?
3
Suppose -11 = 4*d - t, 3*t = 5*d + 9 + 10. Let x be (1 - -1) + 1*d. What is the units digit of (18 - 1) + -1 + x?
6
Let q(n) = n**2 - 5*n + 1. Suppose 3*b + 17 = -5*z + b, 2*z - 2*b = -4. Let p(d) = -3*d - 4. Let w be p(z). What is the units digit of q(w)?
1
Let j(q) = q**3 + 5*q**2 + 4*q + 4. Let p be j(-3). Let z = p - 4. What is the units digit of z?
6
Suppose 160 + 143 = 3*b. What is the units digit of b?
1
Let k = 7 - 5. Let y be k + 7 - (1 + 1). Suppose -y = -5*o + 33. What is the units digit of o?
8
Let f = -2 + -6. Let m(i) = -2*i - 3. What is the tens digit of m(f)?
1
Suppose t - 2 = -2*p + 3*p, t = -p + 2. Suppose 0 = -2*q, -t*m + 20 = -0*m - q. What is the tens digit of m?
1
Let i(l) = -6*l - 2. Let t = 5 - 9. What is the tens digit of i(t)?
2
Let q = -13 - -73. What is the units digit of q?
0
Let w be (-5)/2*(-204)/85. What is the units digit of 11/4*72/w?
3
Suppose -3*w + 4*r = 15, 2*w + 2*r = 6*w + 10. Let z = 3 + w. What is the units digit of z?
2
Let b = 0 - -1. Let m = 2 + b. What is the units digit of m?
3
Let r = -17 - -21. What is the units digit of r?
4
Let u = -13 + 16. Suppose 10 = -r + 3*w + 40, 126 = 5*r - u*w. What is the units digit of r?
4
Let w(u) = -u**3 - 4*u**2 + 5*u - 1. Let k be w(-5). Let q = k + 8. What is the units digit of q?
7
Suppose 4*p + 183 = 3*j, -3*j - 4*p = -4*j + 61. What is the units digit of j?
1
Suppose 4*h - 5*i + 2*i - 159 = 0, -35 = -h - 4*i. What is the units digit of h?
9
Let o be (-2)/14 + (-288)/(-56). Suppose -4*q = -o*q + 25. What is the tens digit of (-2)/10 - (-405)/q?
1
Let p be 0 - (-1 - -4 - 29). Suppose 0*j - p = -j. What is the units digit of j?
6
Let h = 108 + 64. What is the tens digit of h?
7
Let c(i) = i**2 - 10*i - 6. Let d be c(11). Suppose -2*h + 134 = 4*a, -2*h + 3*h = -d*a + 160. What is the tens digit of a?
3
Let u be 119/(-2) - 24/16. Let q(m) = 3*m + 1. Let l be q(-1). What is the units digit of u/(-7) - l/7?
9
Let f = 260 + -44. What is the units digit of f?
6
What is the units digit of (-1)/(-5) - 1104/(-30)?
7
Let n = 87 - 74. What is the tens digit of n?
1
Let n(b) be the first derivative of b**2/2 - b - 2. What is the units digit of n(2)?
1
What is the tens digit of (39/(-2))/(6 - 100/16)?
7
Suppose 0 = -3*c - 3*u + 150, 5*c + 0*u - 256 = -2*u. What is the units digit of c?
2
Let h = -13 - -9. Let s = h - -4. Suppose s = v - 3. What is the units digit of v?
3
Suppose -3*i + u + 272 = 0, 2*i + 5*u = 3*u + 192. What is the units digit of i?
2
Let b = 0 - -6. Suppose 45 = -w + b*w. What is the units digit of (-106)/(-9) - (-2)/w?
2
Let m(f) = f**3 + 2*f**2 - f + 7. Suppose -2*i + 2 = -4. What is the tens digit of m(i)?
4
Let m = -3 + -1. What is the units digit of 44/(-6)*6/m?
1
Suppose 0 = -2*g + 64 + 96. Suppose 8*v = 3*v + g. What is the tens digit of v?
1
Suppose -14 = 5*x + 1. Let p = x + 3. Suppose -5*u = 2*k - p + 6, 3*k = 5*u + 41. What is the units digit of k?
7
Let p(w) be the first derivative of -w**3/3 + 5*w**2 + 2*w - 1. Let t be (-4 - (-